{"id":1579,"date":"2025-11-12T13:50:47","date_gmt":"2025-11-12T13:50:47","guid":{"rendered":"https:\/\/ozkurtmobilya.com\/?post_type=product&#038;p=1579"},"modified":"2025-11-13T09:22:20","modified_gmt":"2025-11-13T09:22:20","slug":"amber-komodin","status":"publish","type":"product","link":"https:\/\/ozkurtmobilya.com\/?product=amber-komodin","title":{"rendered":"Amber Komodin"},"content":{"rendered":"<p class=\"\" data-start=\"46\" data-end=\"299\">Amber, ad\u0131n\u0131 ta\u015f\u0131d\u0131\u011f\u0131 gibi odan\u0131za s\u0131cak bir \u0131\u015f\u0131lt\u0131 katarken, muazzam detaylar\u0131yla tam bir uyum i\u00e7inde bir araya geliyor.<br \/>\nBu yatak seti, her bir par\u00e7as\u0131nda zarif desenler, dokular ve renklerle yatak odan\u0131z\u0131 adeta bir m\u00fczikal kompozisyon gibi tamaml\u0131yor.<\/p>\n<p class=\"\" data-start=\"301\" data-end=\"533\">\u00dczerindeki Ak\u0131ll\u0131 \u015earj Teknolojisi sayesinde, telefonunuzu Amber komodinin \u00fczerine b\u0131rakt\u0131\u011f\u0131n\u0131zda, belli bir s\u00fcre sonra \u015farj olmu\u015f \u015fekilde bulabilirsiniz.<br \/>\nModern ve \u015f\u0131k tasar\u0131m, ayn\u0131 zamanda hayat\u0131 kolayla\u015ft\u0131rarak konforu art\u0131r\u0131yor.<\/p>\n<p>\u00d6l\u00e7\u00fcler: 52x39x51<\/p>\n","protected":false},"excerpt":{"rendered":"<p>Amber, ad\u0131n\u0131 ta\u015f\u0131d\u0131\u011f\u0131 gibi odan\u0131za s\u0131cak bir \u0131\u015f\u0131lt\u0131 katarken, muazzam detaylar\u0131yla tam bir uyum i\u00e7inde bir araya geliyor. Bu yatak<\/p>\n","protected":false},"featured_media":1580,"comment_status":"open","ping_status":"closed","template":"","meta":{"_uag_custom_page_level_css":""},"product_brand":[],"product_cat":[106,138],"product_tag":[],"class_list":{"0":"post-1579","1":"product","2":"type-product","3":"status-publish","4":"has-post-thumbnail","6":"product_cat-komodin","7":"product_cat-aksesuarlar","9":"first","10":"instock","11":"sale","12":"taxable","13":"shipping-taxable","14":"purchasable","15":"product-type-simple"},"uagb_featured_image_src":{"full":["https:\/\/ozkurtmobilya.com\/wp-content\/uploads\/2025\/11\/komodin-2-2.webp",1547,1289,false],"thumbnail":["https:\/\/ozkurtmobilya.com\/wp-content\/uploads\/2025\/11\/komodin-2-2-150x150.webp",150,150,true],"medium":["https:\/\/ozkurtmobilya.com\/wp-content\/uploads\/2025\/11\/komodin-2-2-300x250.webp",300,250,true],"medium_large":["https:\/\/ozkurtmobilya.com\/wp-content\/uploads\/2025\/11\/komodin-2-2-768x640.webp",768,640,true],"large":["https:\/\/ozkurtmobilya.com\/wp-content\/uploads\/2025\/11\/komodin-2-2-1024x853.webp",1024,853,true],"1536x1536":["https:\/\/ozkurtmobilya.com\/wp-content\/uploads\/2025\/11\/komodin-2-2-1536x1280.webp",1536,1280,true],"2048x2048":["https:\/\/ozkurtmobilya.com\/wp-content\/uploads\/2025\/11\/komodin-2-2.webp",1547,1289,false],"woocommerce_thumbnail":["https:\/\/ozkurtmobilya.com\/wp-content\/uploads\/2025\/11\/komodin-2-2-600x600.webp",600,600,true],"woocommerce_single":["https:\/\/ozkurtmobilya.com\/wp-content\/uploads\/2025\/11\/komodin-2-2-1200x1000.webp",1200,1000,true],"woocommerce_gallery_thumbnail":["https:\/\/ozkurtmobilya.com\/wp-content\/uploads\/2025\/11\/komodin-2-2-150x125.webp",150,125,true]},"uagb_author_info":{"display_name":"emre ozkurt","author_link":"https:\/\/ozkurtmobilya.com\/?author=0"},"uagb_comment_info":0,"uagb_excerpt":"Amber, ad\u0131n\u0131 ta\u015f\u0131d\u0131\u011f\u0131 gibi odan\u0131za s\u0131cak bir \u0131\u015f\u0131lt\u0131 katarken, muazzam detaylar\u0131yla tam bir uyum i\u00e7inde bir araya geliyor. Bu yatak","_links":{"self":[{"href":"https:\/\/ozkurtmobilya.com\/index.php?rest_route=\/wp\/v2\/product\/1579","targetHints":{"allow":["GET"]}}],"collection":[{"href":"https:\/\/ozkurtmobilya.com\/index.php?rest_route=\/wp\/v2\/product"}],"about":[{"href":"https:\/\/ozkurtmobilya.com\/index.php?rest_route=\/wp\/v2\/types\/product"}],"replies":[{"embeddable":true,"href":"https:\/\/ozkurtmobilya.com\/index.php?rest_route=%2Fwp%2Fv2%2Fcomments&post=1579"}],"wp:featuredmedia":[{"embeddable":true,"href":"https:\/\/ozkurtmobilya.com\/index.php?rest_route=\/wp\/v2\/media\/1580"}],"wp:attachment":[{"href":"https:\/\/ozkurtmobilya.com\/index.php?rest_route=%2Fwp%2Fv2%2Fmedia&parent=1579"}],"wp:term":[{"taxonomy":"product_brand","embeddable":true,"href":"https:\/\/ozkurtmobilya.com\/index.php?rest_route=%2Fwp%2Fv2%2Fproduct_brand&post=1579"},{"taxonomy":"product_cat","embeddable":true,"href":"https:\/\/ozkurtmobilya.com\/index.php?rest_route=%2Fwp%2Fv2%2Fproduct_cat&post=1579"},{"taxonomy":"product_tag","embeddable":true,"href":"https:\/\/ozkurtmobilya.com\/index.php?rest_route=%2Fwp%2Fv2%2Fproduct_tag&post=1579"}],"curies":[{"name":"wp","href":"https:\/\/api.w.org\/{rel}","templated":true}]}}