{"id":123,"date":"2025-03-06T22:35:03","date_gmt":"2025-03-06T22:35:03","guid":{"rendered":"https:\/\/ozkurtmobilya.com\/?post_type=product&#038;p=123"},"modified":"2025-12-02T08:46:31","modified_gmt":"2025-12-02T08:46:31","slug":"klas-kose-takimi","status":"publish","type":"product","link":"https:\/\/ozkurtmobilya.com\/?product=klas-kose-takimi","title":{"rendered":"KLAS K\u00d6\u015eE TAKIMI"},"content":{"rendered":"<p>Modern tasar\u0131m\u0131n \u015f\u0131kl\u0131\u011f\u0131yla birle\u015fen KLAS K\u00f6\u015fe Tak\u0131m\u0131, hem ailenizle keyifli anlar ge\u00e7irmenizi sa\u011flar hem de misafirlerinizi b\u00fcy\u00fcleyecek bir g\u00f6r\u00fcn\u00fcme sahip. Y\u00fcksek kaliteli malzemelerle \u00fcretilmi\u015f olan bu tak\u0131m, uzun y\u0131llar boyunca size hizmet edecek. Oturma odan\u0131z\u0131 yeniden tan\u0131mlamak i\u00e7in en do\u011fru ad\u0131m!<\/p>\n","protected":false},"excerpt":{"rendered":"<p>KLAS K\u00f6\u015fe Tak\u0131m\u0131 ile oturma odan\u0131zda \u015f\u0131kl\u0131\u011f\u0131 ve rahatl\u0131\u011f\u0131 bir arada ya\u015fay\u0131n!<\/p>\n","protected":false},"featured_media":262,"comment_status":"closed","ping_status":"closed","template":"","meta":{"_uag_custom_page_level_css":""},"product_brand":[],"product_cat":[18,19],"product_tag":[47,44,45,46],"class_list":{"0":"post-123","1":"product","2":"type-product","3":"status-publish","4":"has-post-thumbnail","6":"product_cat-oturma-gruplari","7":"product_cat-kose-takimlari","8":"product_tag-konforlu","9":"product_tag-kose-takimi","10":"product_tag-modern","11":"product_tag-sik","13":"first","14":"instock","15":"sale","16":"sold-individually","17":"taxable","18":"shipping-taxable","19":"purchasable","20":"product-type-simple"},"uagb_featured_image_src":{"full":["https:\/\/ozkurtmobilya.com\/wp-content\/uploads\/2025\/03\/Klas-Kose-Koltuk-resim-274.jpg",1000,600,false],"thumbnail":["https:\/\/ozkurtmobilya.com\/wp-content\/uploads\/2025\/03\/Klas-Kose-Koltuk-resim-274-150x150.jpg",150,150,true],"medium":["https:\/\/ozkurtmobilya.com\/wp-content\/uploads\/2025\/03\/Klas-Kose-Koltuk-resim-274-300x180.jpg",300,180,true],"medium_large":["https:\/\/ozkurtmobilya.com\/wp-content\/uploads\/2025\/03\/Klas-Kose-Koltuk-resim-274-768x461.jpg",768,461,true],"large":["https:\/\/ozkurtmobilya.com\/wp-content\/uploads\/2025\/03\/Klas-Kose-Koltuk-resim-274.jpg",1000,600,false],"1536x1536":["https:\/\/ozkurtmobilya.com\/wp-content\/uploads\/2025\/03\/Klas-Kose-Koltuk-resim-274.jpg",1000,600,false],"2048x2048":["https:\/\/ozkurtmobilya.com\/wp-content\/uploads\/2025\/03\/Klas-Kose-Koltuk-resim-274.jpg",1000,600,false],"woocommerce_thumbnail":["https:\/\/ozkurtmobilya.com\/wp-content\/uploads\/2025\/03\/Klas-Kose-Koltuk-resim-274-600x600.jpg",600,600,true],"woocommerce_single":["https:\/\/ozkurtmobilya.com\/wp-content\/uploads\/2025\/03\/Klas-Kose-Koltuk-resim-274.jpg",1000,600,false],"woocommerce_gallery_thumbnail":["https:\/\/ozkurtmobilya.com\/wp-content\/uploads\/2025\/03\/Klas-Kose-Koltuk-resim-274-150x90.jpg",150,90,true]},"uagb_author_info":{"display_name":"mehmet ali akbay","author_link":"https:\/\/ozkurtmobilya.com\/?author=0"},"uagb_comment_info":0,"uagb_excerpt":"KLAS K\u00f6\u015fe Tak\u0131m\u0131 ile oturma odan\u0131zda \u015f\u0131kl\u0131\u011f\u0131 ve rahatl\u0131\u011f\u0131 bir arada ya\u015fay\u0131n!","_links":{"self":[{"href":"https:\/\/ozkurtmobilya.com\/index.php?rest_route=\/wp\/v2\/product\/123","targetHints":{"allow":["GET"]}}],"collection":[{"href":"https:\/\/ozkurtmobilya.com\/index.php?rest_route=\/wp\/v2\/product"}],"about":[{"href":"https:\/\/ozkurtmobilya.com\/index.php?rest_route=\/wp\/v2\/types\/product"}],"replies":[{"embeddable":true,"href":"https:\/\/ozkurtmobilya.com\/index.php?rest_route=%2Fwp%2Fv2%2Fcomments&post=123"}],"wp:featuredmedia":[{"embeddable":true,"href":"https:\/\/ozkurtmobilya.com\/index.php?rest_route=\/wp\/v2\/media\/262"}],"wp:attachment":[{"href":"https:\/\/ozkurtmobilya.com\/index.php?rest_route=%2Fwp%2Fv2%2Fmedia&parent=123"}],"wp:term":[{"taxonomy":"product_brand","embeddable":true,"href":"https:\/\/ozkurtmobilya.com\/index.php?rest_route=%2Fwp%2Fv2%2Fproduct_brand&post=123"},{"taxonomy":"product_cat","embeddable":true,"href":"https:\/\/ozkurtmobilya.com\/index.php?rest_route=%2Fwp%2Fv2%2Fproduct_cat&post=123"},{"taxonomy":"product_tag","embeddable":true,"href":"https:\/\/ozkurtmobilya.com\/index.php?rest_route=%2Fwp%2Fv2%2Fproduct_tag&post=123"}],"curies":[{"name":"wp","href":"https:\/\/api.w.org\/{rel}","templated":true}]}}